23?
False
Does 5 divide 195?
True
Is 38 a factor of 1878?
False
Is 7541 a multiple of 9?
False
Is 23 a factor of 36352?
False
Is 27039 a multiple of 21?
False
Is 870 a multiple of 15?
True
Is 31919 a multiple of 9?
False
Is 3 a factor of 5327?
False
Is 2589 a multiple of 6?
False
Is 6615 a multiple of 35?
True
Is 20479 a multiple of 8?
False
Does 145 divide 942?
False
Does 52 divide 2270?
False
Is 37301 a multiple of 11?
True
Is 3352 a multiple of 9?
False
Does 19 divide 266?
True
Is 6 a factor of 29?
False
Is 1142 a multiple of 44?
False
Does 18 divide 16182?
True
Is 4 a factor of 316?
True
Is 516 a multiple of 29?
False
Is 62 a factor of 4836?
True
Is 58 a factor of 2146?
True
Is 15 a factor of 345?
True
Is 4669 a multiple of 6?
False
Is 9 a factor of 5822?
False
Does 217 divide 12152?
True
Is 20460 a multiple of 124?
True
Does 33 divide 6634?
False
Does 9 divide 162?
True
Is 29 a factor of 986?
True
Is 4430 a multiple of 107?
False
Does 381 divide 106680?
True
Does 5 divide 417?
False
Does 12 divide 845?
False
Is 55 a factor of 138305?
False
Is 4 a factor of 4424?
True
Is 446 a multiple of 23?
False
Is 14 a factor of 113046?
False
Does 19 divide 380?
True
Does 135 divide 135?
True
Is 16 a factor of 1069?
False
Does 23 divide 9132?
False
Does 3 divide 687?
True
Does 9 divide 1971?
True
Does 75 divide 1725?
True
Is 47 a multiple of 47?
True
Does 41 divide 919?
False
Does 15 divide 11685?
True
Does 43 divide 2097?
False
Is 12207 a multiple of 13?
True
Does 54 divide 476?
False
Is 3 a factor of 3126?
True
Is 15487 a multiple of 17?
True
Is 6 a factor of 410?
False
Is 10 a factor of 1480?
True
Is 8 a factor of 12616?
True
Is 4 a factor of 486?
False
Is 16734 a multiple of 2?
True
Is 2836 a multiple of 85?
False
Is 7509 a multiple of 10?
False
Is 144 a multiple of 9?
True
Does 38 divide 5890?
True
Is 8554 a multiple of 182?
True
Is 65 a factor of 24339?
False
Does 63 divide 5435?
False
Does 3 divide 420?
True
Is 34 a factor of 26078?
True
Is 2 a factor of 1366?
True
Does 32 divide 192?
True
Is 4016 a multiple of 8?
True
Is 23 a factor of 13386?
True
Does 10 divide 1660?
True
Is 5912 a multiple of 13?
False
Is 3 a factor of 194?
False
Is 12 a factor of 581?
False
Does 12 divide 7524?
True
Does 11 divide 7337?
True
Does 13 divide 3297?
False
Is 7 a factor of 668?
False
Does 9 divide 15?
False
Is 16713 a multiple of 23?
False
Is 109 a multiple of 4?
False
Is 8 a factor of 102184?
True
Is 76 a factor of 1748?
True
Is 17576 a multiple of 13?
True
Is 20188 a multiple of 22?
False
Does 31 divide 33170?
True
Is 55 a factor of 5335?
True
Does 17 divide 6613?
True
Is 532 a multiple of 19?
True
Does 32 divide 18573?
False
Is 1054 a multiple of 3?
False
Does 2 divide 15?
False
Does 20 divide 300?
True
Does 18 divide 1656?
True
Does 2 divide 5144?
True
Does 59 divide 581?
False
Is 35283 a multiple of 57?
True
Does 17 divide 22712?
True
Is 70 a factor of 3095?
False
Is 13 a factor of 1218?
False
Does 102 divide 4447?
False
Does 17 divide 27057?
False
Is 621 a multiple of 15?
False
Is 2388 a multiple of 6?
True
Is 2802 a multiple of 14?
False
Is 26 a factor of 935?
False
Does 41 divide 2198?
False
Does 5 divide 2040?
True
Does 34 divide 3196?
True
Is 61 a factor of 3092?
False
Is 67 a factor of 1541?
True
Is 61 a factor of 1401?
False
Is 58 a factor of 1035?
False
Is 289 a factor of 84224?
False
Is 2112 a multiple of 12?
True
Is 12 a factor of 444?
True
Does 13 divide 23176?
False
Does 75 divide 12165?
False
Does 4 divide 149?
False
Does 46 divide 14628?
True
Does 37 divide 5899?
False
Is 12 a factor of 12?
True
Is 160 a multiple of 8?
True
Does 196 divide 53718?
False
Is 24 a factor of 3192?
True
Is 56 a factor of 784?
True
Is 123 a multiple of 3?
True
Is 24 a factor of 1863?
False
Is 9497 a multiple of 11?
False
Is 92 a factor of 9495?
False
Does 9 divide 1197?
True
Is 451 a multiple of 41?
True
Is 4 a factor of 1832?
True
Is 13 a factor of 299?
True
Does 96 divide 2400?
True
Is 1211 a multiple of 19?
False
Does 12 divide 109710?
False
Is 8597 a multiple of 20?
False
Is 8875 a multiple of 26?
False
Is 2 a factor of 247?
False
Does 11 divide 2143?
False
Is 20467 a multiple of 97?
True
Is 225 a factor of 23625?
True
Is 36 a multiple of 3?
True
Is 38 a factor of 14468?
False
Is 18549 a multiple of 9?
True
Does 39 divide 1911?
True
Does 21 divide 2097?
False
Is 203 a factor of 56637?
True
Is 16116 a multiple of 126?
False
Is 46 a factor of 661?
False
Does 328 divide 35424?
True
Is 720 a multiple of 5?
True
Is 1154 a multiple of 8?
False
Is 68 a multiple of 17?
True
Is 15 a factor of 699?
False
Is 8507 a multiple of 21?
False
Is 2 a factor of 23877?
False
Is 24640 a multiple of 70?
True
Is 1891 a multiple of 25?
False
Does 11 divide 618?
False
Does 21 divide 11586?
False
Is 129 a factor of 66306?
True
Is 19 a factor of 4028?
True
Does 14 divide 1582?
True
Is 15244 a multiple of 148?
True
Is 200 a multiple of 40?
True
Is 714 a multiple of 7?
True
Is 35 a factor of 419?
False
Does 9 divide 46?
False
Is 33 a multiple of 3?
True
Is 141 a factor of 64386?
False
Is 14 a factor of 72022?
False
Does 229 divide 18100?
False
Is 33 a factor of 616?
False
Is 113 a factor of 2291?
False
Is 1811 a multiple of 95?
False
Is 2 a factor of 2913?
False
Does 131 divide 21960?
False
Does 14 divide 532?
True
Does 8 divide 62?
False
Is 9 a factor of 335?
False
Is 12 a factor of 8375?
False
Does 13 divide 7904?
True
Is 12 a factor of 176?
False
Does 3 divide 2788?
False
Is 1212 a multiple of 6?
True
Does 138 divide 7965?
False
Does 38 divide 1596?
True
Is 9 a factor of 33066?
True
Is 14 a factor of 104874?
True
Is 1327 a multiple of 119?
False
Does 7 divide 540?
False
Does 32 divide 611?
False
Is 16 a factor of 77488?
True
Is 1019 a multiple of 27?
False
Is 67564 a multiple of 51?
False
Does 258 divide 152994?
True
Does 13 divide 304?
False
Is 98 a factor of 21462?
True
Is 129 a factor of 10892?
False
Is 53 a factor of 797?
False
Is 960 a multiple of 6?
True
Is 243 a multiple of 9?
True
Is 22 a factor of 43450?
True
Does 63 divide 4599?
True
Is 4 a factor of 524?
True
Is 3143 a multiple of 11?
False
Is 8882 a multiple of 88?
False
Is 9397 a multiple of 8?
False
Is 19323 a multiple of 3?
True
Does 5 divide 58?
False
Is 24 a multiple of 24?
True
Does 71 divide 408?
False
Is 43 a factor of 688?
True
Does 36 divide 491?
False
Does 20 divide 2455?
False
Is 9 a factor of 1449?
True
Does 32 divide 6586?
False
Is 783 a multiple of 27?
True
Does 10 divide 1528?
False
Is 577 a multiple of 36?
False
Does 45 divide 19845?
True
Is 21 a factor of 12644?
False
Is 1573 a multiple of 4?
False
Does 6 divide 2030?
False
Is 9798 a multiple of 23?
True
Is 646 a multiple of 34?
True
Is 106 a factor of 68956?
False
Is 741 a multiple of 57?
True
Does 101 divide 6868?
True
Is 21 a factor of 1092?
True
Is 12 a factor of 6796?
False
Is 10 a factor of 1888?
False
Does 19 divide 12766?
False
Is 3 a factor of 7454?
False
Is 11 a factor of 3108?
False
Is 51 a factor of 1785?
True
Is 11 a factor of 8948?
False
Is 141 a factor of 7050?
True
Is 42 a factor of 1252?
False
Is 1512 a multiple of 63?
True
Is 45 a factor of 10020?
False
Does 14 divide 1484?
True
Does 41 divide 4428?
True
Is 2 a factor of 247?
False
Is 20474 a multiple of 58?
True
Does 52 divide 19420?
False
Is 3135 a multiple of 2?
False
Is 16 a factor of 20244?
False
Is 4760 a multiple of 35?
True
Does 6 divide 3971?
False
Is 8938 a multiple of 12?
False
Is 73 a factor of 4526?
True
Is 18 a factor of 4952?
False
Does 9 divide 1152?
True
Does 28 divide 34240?
False
Is 1121 a multiple of 2?
False
Does 13 divide 1040?
True
Does 37 divide 629?
True
Is 287 a multiple of 3?
False
Is 14591 a multiple of 34?
False
Is 15 a factor of 6406?
False
Is 19 a factor of 8892?
True
Is 3 a factor of 10409?
False
Does 38 divide 47310?
True
Is 14490 a multiple of 63?
True
Is 7 a factor of 3787?
True
Is 16 a factor of 712?
False
Is 158 even?
True
Does 10 divide 9118?
False
Is 4342 a multiple of 7?
False
Does 3 divide 1453?
False
Is 9 a factor of 194?
False
Is 31787 a multiple of 36?
False
Is 24 a factor of 2280?
True
Is 1232 a multiple of 14?
True
Does 52 divide 12324?
True
Is 2293 a multiple of 30?
False
Does 10 divide 5471?
False
Is 85 a factor of 20046?
False
Does 38 divi